2 + 228*a - 5274. Calculate u(-63).
207
Let v(j) = j**3 - 191*j**2 + 30*j - 5744. Determine v(191).
-14
Let p(i) = -24*i**2 - 248*i + 9074. Calculate p(-25).
274
Let w(u) = -4*u**2 + 98*u - 1058. What is w(13)?
-460
Let l(b) = b**2 - 185*b + 1836. Determine l(11).
-78
Let o(k) = -5*k**2 - 146*k - 398. Give o(-28).
-230
Let n(g) = 1359*g - 61242. Give n(45).
-87
Let t(y) = -445*y + 24766. Determine t(57).
-599
Let a(u) = -17*u**2 + 124*u - 493. Determine a(4).
-269
Let l(u) = u**3 + 25*u**2 + 131*u + 1312. What is l(-14)?
1634
Let j(f) = 11487*f + 390994. Determine j(-34).
436
Let z(h) = -145265*h - 2760029. Give z(-19).
6
Let j(c) = -12*c**2 - 863*c - 787. What is j(-71)?
-6
Let s(h) = -4*h**2 - 349*h + 3764. Give s(-97).
-19
Let t(k) = -11934*k + 763774. Determine t(64).
-2
Let x(w) = 435119*w - 28282728. Give x(65).
7
Let w(s) = 64*s**3 - 14*s**2 - 8*s + 22. Determine w(2).
462
Let a(d) = 4*d**3 - 218*d**2 + 2277*d - 135. Determine a(14).
-9
Let l(o) = 387*o + 85688. What is l(-221)?
161
Let h(z) = -15424*z**2 + 277629*z + 60. Calculate h(18).
6
Let c(i) = -4462*i + 4464. Give c(1).
2
Let v(r) = -r**3 + 2220*r**2 + 2181*r - 4841821. Determine v(2220).
-1
Let g(y) = -3*y**3 - 580*y**2 + 1747*y - 5. Determine g(3).
-65
Let t(l) = 2*l**3 - 44*l**2 - 129*l - 23. What is t(0)?
-23
Let w(c) = 366*c + 1. Determine w(-1).
-365
Let u(i) = i**3 + 127*i**2 - 54*i + 9778. Calculate u(-128).
306
Let u(j) = 13206*j + 383162. What is u(-29)?
188
Let g(w) = -27348*w - 8587271. Give g(-314).
1
Let d(b) = -b**3 - 60*b**2 - 663*b - 312. Give d(-45).
-852
Let n(q) = -q**3 - 47*q**2 + 1619*q - 238. Determine n(23).
-31
Let f(a) = -60*a**2 + 307*a + 18. Give f(2).
392
Let x(f) = -f**2 - 767*f - 137907. Determine x(-479).
45
Let w(a) = 5*a**3 - 109*a**2 - 18*a - 85. Give w(22).
3
Let h(q) = -2*q**3 - 90*q**2 - 70*q + 291. Give h(-44).
-501
Let o(p) = 15*p**2 - 319*p - 377. What is o(22)?
-135
Let f(n) = n**3 - 1602*n**2 + 108700*n + 64. What is f(71)?
-7
Let j(m) = m**3 - 325*m**2 - 642*m - 1626. Determine j(327).
2298
Let m(c) = -1102*c**2 + 2103*c - 10. Calculate m(2).
-212
Let c(n) = 19*n**2 + 2618*n - 3089. Give c(-139).
108
Let k(s) = -18*s**2 + 27*s - 107. Determine k(8).
-1043
Let f(g) = g**3 - 7*g**2 + 1591*g - 3159. Give f(2).
3
Let q(n) = -1108411*n + 7758866. Give q(7).
-11
Let w(n) = n**3 - 126*n**2 + 233*n + 1940. Give w(124).
80
Let o(q) = -78*q**2 + 6679*q + 20050. Give o(-3).
-689
Let h(o) = 396127*o - 2772880. What is h(7)?
9
Let d(o) = -21675*o - 13633579. What is d(-629)?
-4
Let u(o) = -5*o**3 - 12162*o**2 - 84888*o + 3. Give u(-7).
-4
Let m(l) = -18*l**3 - 90*l**2 - 113*l - 446. Calculate m(-5).
119
Let q(p) = 2308*p - 16144. Calculate q(7).
12
Let k(x) = -366*x - 21408. Determine k(-59).
186
Let i(t) = 5961*t - 41738. Determine i(7).
-11
Let o(n) = -5*n**2 - 105*n + 1719. Give o(-26).
1069
Let m(q) = -6*q**2 + 7192*q + 50631. Calculate m(-7).
-7
Let v(i) = 78*i + 9479. Determine v(-128).
-505
Let y(c) = -1134461*c - 2268877. What is y(-2)?
45
Let g(s) = -s**3 - 3*s**2 + 241*s + 1544. Calculate g(-8).
-64
Let i(c) = -c**3 + 41*c**2 + 1135*c - 72. What is i(-19)?
23
Let h(w) = -3*w**2 + 469*w - 915. Calculate h(2).
11
Let t(j) = 2*j**3 + 49*j**2 - 167*j - 146. Give t(-28).
-958
Let r(o) = 59176*o - 355190. What is r(6)?
-134
Let j(o) = -16*o**2 - 1076*o + 205. Calculate j(-65).
2545
Let k(l) = -95*l**2 + 33340*l + 1070. Give k(351).
-685
Let z(t) = t**2 + 851*t + 8892. Determine z(-10).
482
Let m(y) = 116*y + 4827. What is m(-42)?
-45
Let t(g) = 5*g**3 + 891*g**2 + 95*g - 14849. What is t(-178)?
-75
Let d(s) = 2*s**3 + 168*s**2 - 160*s + 538. Give d(-85).
-312
Let b(y) = 60*y**2 - 4011*y - 8916. Give b(69).
-15
Let n(r) = 312*r**2 - 599*r - 598. Determine n(-1).
313
Let g(s) = 2886*s - 187589. Give g(65).
1
Let d(h) = 3396*h + 570515. Calculate d(-168).
-13
Let p(a) = -a**3 + 21*a**2 - 37*a + 1305. Give p(22).
7
Let i(o) = -3*o**3 - 8*o**2 + 120*o - 593. Determine i(0).
-593
Let v(f) = 24*f**2 - 1297*f - 8881. Calculate v(60).
-301
Let o(c) = -4832*c + 14277. Calculate o(3).
-219
Let g(p) = 229*p**2 + 8439*p - 1257. Calculate g(-37).
1
Let t(a) = -a**3 + 570*a**2 - 2131*a + 243809. Determine t(567).
-1
Let h(m) = -502*m - 14147. Calculate h(-28).
-91
Let a(y) = y**3 + 25*y**2 - 7338*y - 176710. What is a(-24)?
-22
Let o(l) = 2*l**3 + 43*l**2 - 673*l + 453. What is o(10)?
23
Let b(u) = -u**2 - 185*u + 20591. What is b(-263)?
77
Let p(r) = 947*r + 1925. What is p(-3)?
-916
Let l(k) = k**2 - 2716*k - 8145. Give l(-3).
12
Let g(b) = 119*b + 1335. Calculate g(-10).
145
Let s(v) = 2*v**2 - 2152*v + 229427. What is s(120)?
-13
Let s(y) = -6*y**3 + 73*y**2 + 311*y. Determine s(-4).
308
Let c(z) = z**3 - 452*z**2 + 14980*z - 1677. Determine c(416).
-13
Let t(l) = -2168*l + 158262. Give t(73).
-2
Let b(y) = y**3 + 8*y**2 - 99*y - 854. What is b(-9)?
-44
Let l(s) = -1272*s**2 - 14000*s - 21. Determine l(-11).
67
Let k(v) = -2*v**3 + 5*v**2 - 22106*v + 66321. What is k(3)?
-6
Let x(j) = -391*j - 68490. Give x(-175).
-65
Let h(u) = 146*u + 4018. Give h(-35).
-1092
Let r(a) = -2*a**3 - a**2 + 678*a - 1386. Calculate r(17).
25
Let t(b) = b**3 + 167*b**2 - 2738*b - 1499. Calculate t(-182).
-43
Let h(k) = k**3 - 68*k**2 + 923*k + 7654. Calculate h(33).
-2
Let q(t) = -788*t + 8553. Give q(12).
-903
Let q(d) = 360*d - 60597. Determine q(168).
-117
Let r(y) = 1479*y**2 + 26618*y - 60. Give r(-18).
12
Let s(h) = -11581*h - 45672. Calculate s(-4).
652
Let q(b) = -7*b**2 - 297*b + 72877. Calculate q(83).
3
Let b(m) = 2*m**3 - 633*m**2 + 944*m + 314. Calculate b(315).
-1
Let q(c) = -c**2 + 6468*c + 110237. Give q(-17).
-8
Let l(q) = -27*q + 4385. Determine l(139).
632
Let g(k) = -145*k**2 - 561*k + 80. Give g(-4).
4
Let k(i) = -i**2 - 4729*i - 220761. Calculate k(-47).
-707
Let r(s) = -13630*s + 381994. Calculate r(28).
354
Let y(a) = 103*a**2 + 3571*a - 1426. Give y(-35).
-236
Let n(s) = 149*s - 5421. Give n(28).
-1249
Let a(l) = l**2 + 6217*l - 80962. Determine a(13).
28
Let r(a) = -21*a**2 - 475*a - 2515. Determine r(-15).
-115
Let d(t) = -t**2 + 2388*t - 40317. What is d(17)?
-10
Let n(c) = 148*c**3 - 5*c**2 - 26*c - 23. Give n(-1).
-150
Let q(s) = s**3 + 120*s**2 + 3277*s + 63. Calculate q(-78).
-15
Let g(q) = 598*q**2 + 160865*q + 820. What is g(-269)?
13
Let m(s) = 366*s**2 - 4684*s - 963. Determine m(13).
-1
Let u(n) = 350*n + 6563. What is u(-26)?
-2537
Let z(q) = q**3 + 7*q**2 - 15*q - 41. What is z(5)?
184
Let n(z) = 12031*z + 59993. What is n(-5)?
-162
Let h(q) = -3*q**3 + 242*q**2 - 1103*q + 2991. Determine h(76).
27
Let o(p) = -p**3 + 6*p**2 + 74*p - 213. Calculate o(13).
-434
Let k(t) = 9*t**2 - 428*t + 4233. Calculate k(14).
5
Let f(q) = -588619*q - 17658573. Give f(-30).
-3
Let x(q) = 27972*q - 531475. Give x(19).
-7
Let a(b) = -27*b**2 + 517*b - 2136. What is a(6)?
-6
Let b(w) = -31*w + 1668. Determine b(129).
-2331
Let a(z) = -843*z - 63799. Determine a(-69).
-5632
Let q(d) = -d**2 - 1481*d - 10338. What is q(-7)?
-20
Let v(s) = 261*s + 217639. Give v(-834).
-35
Let x(m) = -m**3 + 42*m**2 - 200*m + 189. Determine x(37).
-366
Let f(r) = -864*r**3 - 3*r**2 + 21*r - 18. Calculate f(1).
-864
Let x(b) = -b**3 + 77*b**2 - 740*b + 618. What is x(66)?
-306
Let k(d) = 20545*d + 4273376. Give k(-208).
16
Let g(b) = -2865*b - 427016. Determine g(-149).
-131
Let n(d) = 19341*d + 36992. Determine n(-2).
-1690
Let f(y) = -6*y**2 - 859*y - 23929. What is f(-105)?
116
Let z(n) = 9923*n - 267825. Calculate z(27).
96
Let s(t) = 3711*t + 25479. Calculate s(-7).
-498
Let f(r) = 27*r**2 + 705*r - 2883. What is f(4)?
369
Let z(k) = -300*k**2 + 17097*k + 129. Calculate z(57).
-42
Let q(f) = 907*f + 7347. Calculate q(-8).
91
Let u(w) = 36*w**2 + 1075*w + 2141. Determine u(-2).
135
Let s(t) = -45*t + 2983. Give s(67).
-32
Let i(q) = -27*q**2 + 255*q + 2136. What is i(-8)?
-1632
Let d(v) = 7*v**2 - 380*v + 4022. Give d(40).
22
Let s(d) = 602*d + 1369. Calculate s(2).
2573
Let a(l) = -5*l - 4700. Calculate a(-10).
-4650
Let u(i) = 5008*i + 275439. Determine u(-55).
-1
Let i(u) = 1685*u + 43988. Give i(-26).
178
Let c(w) = 14880*w - 74398. Calculate c(5).
2
Let f(c) = 75*c + 449. Determine f(-16).
-751
Let q(i) = 12*i**2 - 2856*i + 87262. What is q(36)?
-2
Let k(w) = -4*w*